
Let u = 2607 + -2604. What is the highest common factor of u and 1041?
3
Suppose -15 = -r - 4*w, -r - r - 5*w = -30. Let o be ((-6)/r*1)/((-2)/70). What is the greatest common factor of 14 and o?
14
Let x = -43 - -46. Let k be 6/63*111 + x/7. Suppose -2*p - y = 2*p - 128, p - 2*y = 41. What is the greatest common divisor of k and p?
11
Let u = -18 + 22. Suppose -46 = -3*x + 38. Calculate the highest common divisor of u and x.
4
Suppose -290 = -4*j + 8*u - 3*u, -4*j - 2*u + 304 = 0. Calculate the highest common factor of j and 75.
75
Let g = 28 + -40. Let f(i) = i**3 + 6*i**2 + i + 2. Let v be f(-3). Let t = g + v. Calculate the highest common divisor of 14 and t.
14
Suppose -1706 = -42*i + 184. What is the highest common divisor of i and 360?
45
Let c be 1 + (-2 - 0) + -21 + 31. What is the highest common factor of c and 153?
9
Let d(q) = 2*q - 4. Let t be d(11). Suppose 0 = 2*z - 0*z - t. Suppose 4*p - 8 = -2*n, -2*n + 2*p + 23 = -z. Calculate the highest common factor of 96 and n.
12
Let j(x) = -7*x**3 + x + 1. Let g be j(-2). Let i be (-99)/(-15) - 8/(-20). Suppose i*b = 3*b, -4*t + 88 = -b. What is the greatest common divisor of t and g?
11
Let r = -159 + -15. Let i = -94 - r. Let o = 19 + -3. Calculate the highest common factor of i and o.
16
Let a = -1 + -35. Let b = 54 + a. Calculate the highest common factor of 12 and b.
6
Let z(h) = -h + 33. Let j be z(10). What is the greatest common factor of j and 115?
23
Let a be 393/(-3) - (-2 + -2). Let i = a - -223. Let r be 5 + i - 6/3. What is the greatest common factor of 11 and r?
11
Suppose -2*a - 164 = -0*a. Let q = a + 10. Let t = 144 + q. What is the highest common factor of 18 and t?
18
Let m(t) = t - 18. Let u be m(6). Let k(w) = -7*w - 47. Let i be k(u). What is the highest common divisor of 407 and i?
37
Let t be 11121/57 - (40/(-76))/(-5). What is the highest common divisor of 15 and t?
15
Let h be 3/(5 + 764/(-154)). Calculate the greatest common factor of 14 and h.
7
Suppose -11 = -5*i - 6. Suppose -2*s + 3*x = -i - 25, 4 = -2*x. Calculate the greatest common factor of s and 50.
10
Suppose 3*x = 3*v + 18, 4*v + 1 = 3*v. Suppose -x*o - 128 = -443. Let g = -84 - -91. What is the greatest common divisor of o and g?
7
Let z = 1 - -8. Suppose 5*j - 26 - z = 0. Let l(c) = 2*c - 5. Let g be l(34). What is the greatest common divisor of g and j?
7
Let m be (-2)/((11 - 7)/(-116)). Calculate the highest common factor of m and 290.
58
Suppose 8*m = 939 + 1973. Calculate the highest common factor of 56 and m.
28
Let n(v) = -2*v + 27. Let m be n(12). Suppose 2*h = -m*h + 2*b + 146, 126 = 4*h + 3*b. What is the highest common factor of 90 and h?
30
Let w = 77 - 14. Suppose 20 = 4*v - 5*b + 63, 10 = -2*b. Let x = w + v. What is the highest common factor of x and 23?
23
Let t(d) be the second derivative of -17*d**3/6 - 11*d**2/2 + 7*d. Let s be t(-3). Calculate the highest common divisor of 440 and s.
40
Suppose 23 = -3*k + 74. Let j be ((-10)/(-3))/((-12)/18). Let i = 22 + j. What is the greatest common divisor of i and k?
17
Suppose -110 = -13*u + 202. What is the highest common factor of 32 and u?
8
Let a = 10 - -8. Let y be (-4 - -7)*(3 - -39). Calculate the greatest common factor of a and y.
18
Let r be (1 - 24/16)*-58. Calculate the greatest common divisor of 29 and r.
29
Let q = 524 - 509. Calculate the highest common divisor of q and 1020.
15
Let s(n) = 47 - 47 - 4*n. Let k be s(-1). Let j = -7 + 11. What is the greatest common factor of k and j?
4
Let v = 1070 - 410. Calculate the highest common divisor of 33 and v.
33
Suppose j + 3*j - 192 = 0. Suppose 0*l = -5*n - 4*l + 316, -3*n + 168 = -3*l. Suppose b + 4*b = n. Calculate the highest common factor of j and b.
12
Suppose -5*j = -3*f + 107, 31 = f - j + 4*j. Let c = f + -29. Suppose 5*t - 293 = k, -4*k + 2*k - 296 = -c*t. What is the highest common factor of 29 and t?
29
Let y(x) = x + 7. Let s be y(-4). Suppose -5*m + 3*k = k - 116, 0 = -s*k - 9. What is the greatest common divisor of 2 and m?
2
Let u(y) = 11*y - 11. Let i = 23 - 14. Let x be u(i). Let d be 0 - (10/(-2) + -3). What is the highest common factor of d and x?
8
Let a(l) = -l - 2. Let b be a(-4). Let n be (-220)/(-12) + -2 - (-2)/(-6). What is the highest common factor of n and b?
2
Suppose -13*u + 8*u + 30 = 0. Calculate the highest common divisor of 6 and u.
6
Let a(o) = 8*o + 13. Let c be a(4). Suppose 5*m - 61 = -4*t, 0*m - m - 5*t = -29. Suppose 3*n - m = 2*n. Calculate the highest common divisor of c and n.
9
Let t be 3159/(-26)*78/(-9). Calculate the highest common divisor of 243 and t.
81
Let q be (4 + -5)*(2 + 1). Let m be (-19)/((-1)/q*-3). Calculate the highest common factor of 95 and m.
19
Let w = -2179 + 2274. Calculate the highest common divisor of w and 703.
19
Suppose -3*y = -6 - 42. Calculate the highest common divisor of 16 and y.
16
Suppose k = 23 - 11. Calculate the highest common factor of k and 324.
12
Suppose -s = -0*s + 6. Let t be (-21)/4 - s/24. Let q(n) = -3*n**3 - 6*n**2 + 5*n - 4. Let y be q(t). What is the greatest common divisor of y and 28?
28
Suppose 8*g - 2*j - 100 = 3*g, 0 = -4*j + 20. Suppose 20*t = 12*t + 1056. Calculate the greatest common factor of g and t.
22
Let a be -2 + 1/(0 - (-4)/12). Calculate the highest common factor of a and 37.
1
Let m(o) = o**2 - 7*o + 18. Let p be m(13). Let y be (-63)/2*p/(-9). Suppose 0 = -4*j + y - 80. Calculate the greatest common factor of 8 and j.
8
Let p be (2 + -5 - (-1 + -3))*1. Calculate the highest common divisor of p and 157.
1
Suppose 8*u - 1030 + 102 = 0. Let h = u + -110. Calculate the highest common factor of 78 and h.
6
Let t be 5/((-50)/(-320)) - (1 - 2). Calculate the highest common factor of 66 and t.
33
Let z = 1172 - 850. Calculate the greatest common factor of 46 and z.
46
Let p be 4 - (4*6 + -4). Let u(l) = l**2 + 17*l + 17. Let j be u(p). Calculate the greatest common divisor of j and 7.
1
Suppose 2*q - 9*q + 56 = 0. Suppose 5*n - n = -s - q, 4*n + 20 = 0. Calculate the highest common divisor of s and 108.
12
Let s = 25 - 33. Let w be (-2)/s - (-167)/4. Calculate the greatest common divisor of w and 105.
21
Let r(i) = -2*i + 90. Let s be r(9). Suppose -w + 1 = 7. Let d(y) = y**2 + 4*y - 4. Let p be d(w). What is the greatest common factor of s and p?
8
Let a(l) = -30*l + 432. Let k be a(-27). What is the highest common factor of k and 46?
46
Let d(t) = -5*t - 29. Let u = -54 + 44. Let j be d(u). What is the greatest common divisor of j and 7?
7
Let b be 962/16 + 6/(-48). Let v(y) = y - 12. Let l be v(12). Suppose l = 4*h - 8*h + b. What is the greatest common divisor of h and 3?
3
Suppose 14 = -9*r + 2*r. Let x(b) = -3*b**3 + 2*b**2 - 2*b. Let m be x(r). Calculate the highest common divisor of 4 and m.
4
Let q = 59 - 54. Calculate the highest common factor of q and 145.
5
Let r(g) = -g**2 - 4*g - 8*g + 14*g + 7. Let c be r(3). Calculate the highest common divisor of 4 and c.
4
Let i(n) = 2*n - 6. Let t be i(3). Suppose t = -8*r + 261 + 267. What is the greatest common divisor of 44 and r?
22
Let p be 94/423 - (1756/(-9))/4. Calculate the highest common factor of p and 1.
1
Let i(g) = -2*g + 4. Let w be i(2). Let v be 3 + -1 + -2 + w. Let f be (-24)/(-3) - (-3 + v). What is the highest common divisor of 11 and f?
11
Let k(n) = -n**3 + 3*n**2 + 1. Let f be k(3). Let b be (-1 + (2 - -41))*f. Let t = 80 - 66. Calculate the greatest common divisor of b and t.
14
Let m be (-2)/((-28)/(-16) - 2). Calculate the highest common divisor of m and 2.
2
Let l(y) = y**3 + 3*y**2 + 2*y + 3. Let w be l(-2). Let o be -1*-3*7/7. What is the greatest common divisor of o and w?
3
Suppose 29*l = -28*l + 22230. Calculate the greatest common divisor of l and 104.
26
Let d = -17 + 24. Let v(w) = 25*w - 143. Let n be v(6). What is the greatest common factor of d and n?
7
Let p = 27 - 28. Let n = p - -14. What is the greatest common factor of 13 and n?
13
Let s = 14 - -66. Let j(l) = l**3 + 14*l**2 + 4*l + 3. Let b be j(-13). Calculate the highest common divisor of b and s.
40
Let t = -185 + 151. Let q = 202 - t. What is the highest common factor of q and 59?
59
Suppose i = 5*i + z - 1100, -4*i + z = -1108. Calculate the greatest common factor of 60 and i.
12
Suppose -26*y + 30*y = 260. What is the h